 + 6*d + 1/12*d**4 + 3/2*d**2 + 3 + 1/2*d**3. Determine k(-3).
-24
Let g(x) be the third derivative of x**5/30 - x**4/4 + 5*x**3/6 + 41*x**2 + 23. Calculate g(-5).
85
Let g be 24*(-3 + (1 - 5 - (-58)/8)). Let w(s) = -s**3 + 5*s**2 - 2*s. What is w(g)?
-48
Let l = 1 + 1. Suppose 0 = -17*t + l*t + 90. Let y(r) = -r**2 + 5*r + 8. Calculate y(t).
2
Let t be 4225/(-676)*(-24)/(-10)*-1. Let v(m) = m**2 - 14*m - 38. What is v(t)?
-23
Let j(x) be the first derivative of 13 - 1/2*x**2 - 5*x + 8/3*x**3 - 1/4*x**4. Give j(8).
-13
Let v(b) = -12*b**3 - 5*b**2 - 8*b - 7. Let y be v(-2). Let p = -84 + y. Let q be 3*p - (-288)/(-32). Let z(h) = -2*h**2 - 9*h - 1. Determine z(q).
-19
Let z(i) = -i**3 - 9*i**2 + 13*i + 23. Suppose -225*t = -214*t + 110. Determine z(t).
-7
Let d(p) = -p**3 - 9*p**2 - 2*p - 17. Let n = -300 - -303. Suppose 0 = -5*j - 5, -4*g - n*j - 24 - 15 = 0. Determine d(g).
1
Suppose 4 = m + 12. Let y(j) be the third derivative of -j**5/60 - j**4/2 - 5*j**3/3 - 1994*j**2. What is y(m)?
22
Suppose -6 = c - 2*c. Let d(g) be the first derivative of 112 - 1/3*g**3 + 0*g + 3*g**2. What is d(c)?
0
Let f(m) = -17*m**2 + 8*m + 8. Let q(z) be the second derivative of -z**4/12 - z**3/3 - z**2 + 21*z - 7. Let n(v) = -f(v) - 3*q(v). What is n(-1)?
20
Let d be (-1)/(-2) + (375/(-6))/(-5). Let l(v) = 4*v + 1 + d*v**2 - 5*v**2 + v**2 - 8*v**2. Determine l(-5).
6
Let y be (11/220*-15)/(3/(-24)). Let a(w) = -w**2 + 7*w + 3. What is a(y)?
9
Let z be (10 - -6 - 31) + 15. Let i(l) = -l**2 - 2*l + 13. Calculate i(z).
13
Let m = 3 + 6. Suppose -1 + 4 = -3*d, -2*y + m = d. Let w(q) = 2*q**3 + y*q - 2*q**2 - 241 - 2*q + 241. Determine w(2).
14
Let c(g) be the second derivative of -g**5/20 - g**4/6 - g**3/6 + 304*g - 119. Let k(b) = b**2 + 3*b - 2. Let x be k(-4). Suppose 5*i + 8 = -x. Determine c(i).
2
Let m = -4 - -8. Suppose 6*w - m = 4*w. Let u(l) = 3 + 6 - 3*l - w*l - 8 - l**2. Determine u(-6).
-5
Let b = -250 - -261. Suppose -b*v - 3*v + 98 = 0. Let h(a) = -a**2 + 7*a + 2. Give h(v).
2
Let g(a) = -3 + 2*a**2 - 9*a + 4 - a**2 - 17. Suppose 2*q + 49 = 5*s, 0*q = 5*s + 4*q - 67. Determine g(s).
6
Let y = 6204 + -6202. Let x(z) be the third derivative of 1/3*z**3 + 0*z + 1/6*z**4 + 1/20*z**5 + 0 - 14*z**y. Determine x(-2).
6
Let v be 4 + 0 - (-4)/2. Let d be (-5)/(-4)*12/(-18)*v. Let t(l) = 0*l**2 - l**3 + 0 + 3*l - 3 - 4*l**2. Calculate t(d).
7
Let y(o) = o**3 + 7*o**2 + 11*o + 95. Let m be y(-7). Let b(i) = -14*i + 2*i**3 + m*i + 3 + 3*i**2 - 5*i. Calculate b(-3).
-21
Let b(w) = 7*w + 29. Suppose 172*i - 303 = -2241 - 986. What is b(i)?
-90
Suppose 0 = 4*n, -5 = -q - n + 37. Let t = q + -44. Let g(j) = 2*j - 1. Let m(i) = -i. Let l(f) = 2*g(f) + 3*m(f). Give l(t).
-4
Let m(p) = 4*p - 2*p + 17*p - 8*p. What is m(-1)?
-11
Let w be (235/20 - 4)*8. Let f(b) = 4*b - b - 61*b**3 + w*b**3 + 3*b**2. Suppose 7 - 3 = -2*s. Calculate f(s).
-2
Let a(c) = -26*c - 4. Let s = 4312 + -4314. Give a(s).
48
Let v(c) = -9*c + 1. Suppose -5*u + 30 = l, -55 = 2*u - 7*u + 4*l. Suppose -3*j = g - u - 13, -5 = -g. Suppose -j = -7*p + 2. Determine v(p).
-8
Let d be ((-288)/56)/((-18)/(-63)) - -7. Let b(x) = 3*x + 38. Determine b(d).
5
Suppose -37 = -4*w + 7. Suppose w = -2*b + 11. Let c(x) = 59 - 30 - 31 + x. Give c(b).
-2
Let d(o) = -7*o**2 - 2*o - 1. Suppose -3*l + 4*l = 2. Let c(t) = 3*t - 5. Let k be c(3). Suppose 0*b + 5 = -5*b + 5*f, -k = 4*b + l*f. Give d(b).
-6
Let k(w) be the second derivative of -w**4/6 - 43*w**3/6 - 111*w**2 - 35*w + 19. Calculate k(-12).
6
Suppose -4*n + 879 - 874 = 3*x, 3*n + 2*x = 4. Let i(g) = -4*g**2 + 2*g + 3. Calculate i(n).
-9
Let b(a) = -4*a**2 - 13. Let w be b(3). Let y = -45 - w. Let p(s) = -s. Let z(l) = l + 4. Let g(j) = -2*p(j) - z(j). Calculate g(y).
0
Let y be 2/7 + 72*(-8)/(-42). Suppose -y + 19 = -h. Let o(l) = -l**3 - 5*l**2 - 2*l - 5. Give o(h).
5
Let f(t) = 366*t + 365*t + 355*t - 1083*t - 64. Give f(14).
-22
Let u(b) be the third derivative of -1/3*b**3 + 1/30*b**5 + 18*b**2 + 1/120*b**6 + 0 + 2*b - 1/4*b**4. What is u(-4)?
-10
Let y(p) be the second derivative of 1/6*p**3 + 0 + 1/12*p**4 - 5/2*p**2 - 102*p. Calculate y(-4).
7
Suppose 5*g = 2 + 23. Let b(n) = -7*n. Let s(p) = 3*p. Let d(m) = g*s(m) + 2*b(m). Determine d(5).
5
Let a(l) = 0*l + 3*l - 11 - 4*l. Suppose 53*c = 65*c. What is a(c)?
-11
Let k be -5 - (0 + -1) - -5. Let d be (-4)/(-6)*(-3 + 6). Let r(z) = -8*z**2 - 5*z**2 - 12*z**d + 2*z - k + 24*z**2. What is r(3)?
-4
Let g(o) = o - 2. Let w be ((-10)/20)/((-534)/132 - -4). Determine g(w).
9
Let h(u) = -2*u**3 - u**2 + 3*u + 2. Let j be 21/15 - 1 - (-3)/5. Suppose -2*a - 3 = j. Determine h(a).
8
Let g(m) = -2*m. Let x(a) = 3*a. Let c(v) = 6*g(v) + 5*x(v). Let w(o) = -13*o**2 + 6*o + 3. Let b be w(3). Let y = b + 97. What is c(y)?
3
Let w(d) = 52*d**3 + 14*d**2 + 21*d + 28. Let t(x) = 3*x**3 + x + 1. Let k(r) = -16*t(r) + w(r). Give k(-3).
15
Let x(b) be the third derivative of b**5/60 - 3*b**4/8 - 2*b**3 + 7846*b**2. What is x(12)?
24
Let c(u) be the second derivative of -3*u**5/40 + u**4/12 + 20*u**3/3 - 40*u. Let k(x) be the second derivative of c(x). Determine k(-2).
20
Let c(b) = -8*b + 43. Let f(t) = 9*t - 54. Let n(l) = -3*c(l) - 2*f(l). Give n(6).
15
Let q(g) = -3*g**2 - 41*g + 11. Let t = -11031 - -11017. Determine q(t).
-3
Let t(h) = -401 + 28*h + 199 + 62. What is t(5)?
0
Suppose 45*r = 55*r + 2850. Let l = r - -282. Let i(u) = u**3 + 2*u**2 - 3*u + 4. Calculate i(l).
4
Let m(h) be the second derivative of -h**7/2520 + h**6/120 - 7*h**4/12 - 3*h. Let k(n) be the third derivative of m(n). Let y = -43 + 50. Give k(y).
-7
Let i(s) be the second derivative of -s**4/12 + 11*s**3/6 + 6*s**2 - 757*s. Determine i(15).
-48
Let a(r) = r**3 - 17 + 0*r**2 - r**2 + 5*r - 4*r. Let y(f) = 19*f + 2. Let c be y(4). Suppose 6*d = -c + 78. Calculate a(d).
-17
Let y(x) = 0 - 1 - x**2 - 4*x + x. Let t = 66 - 66. Suppose t*k + 3 = -b - k, -2*b + 3*k = 11. What is y(b)?
-5
Let p(k) = -8*k + 3*k**2 - 4*k + 8*k + 3*k. Let r(a) = 7*a**2 - a + 2. Let q(w) = -5*p(w) + 2*r(w). Suppose 3*b + 12 = 3*z, 4*b = 6*z - 4*z - 2. Determine q(z).
-24
Let f(m) = 8*m**3 + 2*m**2 - 4*m + 16. Let g(c) = 3*c**3 - c + 5. Let u(p) = 4*f(p) - 11*g(p). Calculate u(5).
59
Let l(z) = 6 + 3 - 2*z + 9 - 4. Suppose 4*m = -26*m + 360. Calculate l(m).
-10
Suppose -51*j - 93 = 37*j - 181. Let n(x) = 13*x - 3. Let a(h) = -1. Let i(u) = 2*a(u) - n(u). What is i(j)?
-12
Let o(z) = -10*z**3 - 8*z**2 - 45*z - 29. Let x(l) = -3*l**3 - 3*l**2 - 13*l - 8. Let w(j) = -2*o(j) + 7*x(j). Suppose 2*i = i + f, 2 = -f. Give w(i).
-8
Let w(q) = 4*q + 32. Let l(d) = 1. Let g(m) = 96*l(m) - 3*w(m). Let t(i) = -i + 1. Let b be (-1)/4 - 10/(-40). Let z be t(b). Give g(z).
-12
Let l be (9 - 14) + 4/4*-6. Let u(c) = -2*c**2 - 18*c + 27. What is u(l)?
-17
Let m(y) = y**3 - 3*y**2. Suppose 0 = -32*l + 32. Let o be (-64)/16 + (8*1 - l). Calculate m(o).
0
Let y(d) = -d**3 + d - 5. Let x(a) = -a**3 + 3*a - 10. Let j(i) = -x(i) + 2*y(i). Let s(r) = 5*r**3 + r**2 + 5*r + 10. Let b(h) = 4*j(h) + s(h). Give b(0).
10
Let a be 15 - (9 + -11 + (-4 - -1)). Suppose 8 + 152 = -a*w. Let b(p) = p + 15. Determine b(w).
7
Suppose 4*i + 5 = 5*o - 17, 2*o + 2 = -2*i. Let k = 41 + -39. Let n(l) = 5*l**2 - 2*l**k - 8*l - 10*l + 23*l + 2. Give n(i).
14
Let n = 387 + -348. Suppose 0 = 12*l - n*l + 54. Let d(i) = 2*i**2 - i - 1. Calculate d(l).
5
Let i(q) = -q**3 - 8*q**2 + q - 6. Let u(c) = -2*c**2 - 58*c + 585. Let o be u(8). Give i(o).
-62
Let s(c) = -c**3 + 12*c**2 + 2*c - 15. Let b be s(12). Suppose -b*k = -27 - 9. Suppose -5*n = -3*j + 5 + 10, -20 = 3*n - k*j. Let a(o) = o + 5. Calculate a(n).
5
Let g = 9597 - 9591. Let z(u) = u - 16. Calculate z(g).
-10
Suppose -68*z = 55*z + 3567. Let i(q) = -2*q - 42. Calculate i(z).
16
Let h(z) = 218*z + 98. Let d(n) = -240*n - 96. Let q(v) = 9*d(v) + 10*h(v). What is q(-6)?
-4
Let i be (-59)/(27/6 - 4). Let f = i + 259. Let h(u) = 73 + 65 - f - u. Calculate h(-2).
-1
Let x(n) = -n**2 - 10*n - 7. Suppose 72*b - 441 = 65*b. Suppose 106*y = 99*y - b. Calculate x(y).
2
Let g(k) be the third derivative of -k**2 + 7/60*k**5 + 1/120*k**6 + 4/3*k**3 + 1/24*k**4 + 0 - 26*k. Give g(-7).
1
Let f(u) be the third derivative of -u**7/2520 - 7*u**6/720 + u**5/12 + 7*u**4/24 - u**3 - 25*